 = 0. What is the greatest common divisor of w and 13?
13
Let o(g) = 3*g**2 + 2*g - 2. Let h be o(1). Let p(v) = 14*v - 2. Let r be p(h). What is the greatest common factor of r and 16?
8
Suppose o + o - 5 = -n, 5*n + 5*o - 20 = 0. Suppose n*t = -2*t + 10. Suppose 4*w = -t*k + 4, -k - w = -2 - 3. What is the greatest common factor of 12 and k?
4
Let z be (-27)/(-4) - (-1)/4. Let x = 449 + -400. Calculate the highest common divisor of z and x.
7
Let t be -6*(56/6 - -2). Let i = -159 - t. Let c be (-3484)/i - 4/14. Calculate the greatest common factor of 19 and c.
19
Let p = 9 + -9. Let m(q) = q**3 + q + 64. Let c be m(p). Suppose c = 3*o - o. Calculate the highest common factor of o and 80.
16
Suppose -k = 11*m - 14*m + 2, -2*m = -5*k + 3. Calculate the highest common divisor of m and 11.
1
Let l(g) = -2*g. Let x be l(-2). Suppose -27 = -2*w + d, -5*d - 15 = 2*w - x*w. What is the highest common factor of w and 135?
15
Let z be (5/(-15))/(1/3). Let j be (-2475)/(-117) - z/((-13)/2). Calculate the highest common divisor of j and 168.
21
Let m(w) = 3*w - 3. Let v be m(2). Let p = 118 - 6. Suppose -157 = -4*u - 5*c, -3*c = 4*u - 7*c - p. What is the highest common divisor of u and v?
3
Suppose -19 + 51 = 2*x. What is the greatest common factor of x and 2?
2
Let x be (-3616)/(-112) - 2/7. What is the highest common factor of x and 68?
4
Let p = -1 - -6. Suppose -40 = 4*m - p*m. Suppose -d = -20 - 80. Calculate the highest common factor of m and d.
20
Let m be (-22)/(-319) + (-2289)/(-29). Suppose 2*h + 2*h = 668. Let r = h - m. Calculate the greatest common divisor of 8 and r.
8
Let u be (3/(-2))/(7/((-2352)/36)). What is the highest common factor of 49 and u?
7
Suppose m + f - 104 = 0, -14*m + 508 = -9*m + 2*f. What is the highest common factor of m and 725?
25
Let z = -196 + 212. Let i = 6 + -2. Suppose f + 384 = i*f. Calculate the greatest common divisor of z and f.
16
Suppose 16*t - 305 = 815. What is the highest common factor of t and 434?
14
Suppose 5*n = -0*n + 4*b + 211, 127 = 3*n - 2*b. Let x = n - 27. Let k(v) = -v**3 - v + 144. Let f be k(0). What is the highest common divisor of x and f?
16
Let c(x) = x**3 - 33*x**2 + 41*x - 68. Let n be c(32). Let g be (11/(-1))/((-2)/16). What is the greatest common divisor of n and g?
44
Let m = -7 - -15. Let k be (595/238)/(1/(32/2)). Calculate the greatest common divisor of k and m.
8
Let y(c) = -10*c + 2. Let j be y(-2). Let q be (-1775)/(1 + (-4)/6). Let o be q/(-30) + (-6)/4. What is the highest common divisor of o and j?
22
Suppose -2*z + 109 = 5*v, v - 15 = -z + 4*z. What is the greatest common divisor of 217 and v?
7
Let n be (-3)/(-4) + (-4350)/(-24). Let c(o) = o**3 + 23*o**2 + 41*o - 7. Let b be c(-21). Calculate the highest common divisor of n and b.
14
Suppose -252 = -6*a + 876. Suppose 4*r + 4 = 0, -2*y + 4*r + 584 = a. Calculate the highest common divisor of 28 and y.
28
Suppose 7 + 57 = 2*u + 2*k, 3*u + 5*k = 106. Let r(z) = z**2 - 3*z + 36. Let j be r(0). What is the highest common divisor of j and u?
9
Let x be -2 - (-16 - (0 - -2)). Let k be 0*(2/(-13) + (-45)/(-39)). Suppose 13*a + 257 - 1297 = k. What is the greatest common divisor of x and a?
16
Suppose -2985 - 7223 = -8*u. What is the greatest common divisor of 116 and u?
116
Suppose -19 = 4*f + 53. Let u = -9 - f. What is the highest common factor of u and 72?
9
Let s be ((-792)/(-20))/(4 + 481/(-130)). What is the highest common divisor of 96 and s?
12
Let u be (12/7)/(5 + 626/(-126)). Calculate the greatest common divisor of u and 360.
18
Suppose -4*b + 60 = 44. Let h be 9*((-320)/(-12))/b. Calculate the greatest common factor of h and 12.
12
Suppose 54*n = 53*n - 2. Let p be n/6 - 448/(-48). What is the greatest common divisor of 90 and p?
9
Suppose -8*v = -7*v + 2*v. Suppose -891 = -v*q - 9*q. Calculate the greatest common factor of 33 and q.
33
Suppose 0 = i + 2*h + 28 + 14, -3*i = -4*h + 76. Let l = -14 - i. Let w(p) = p**2 - 3*p + 2. Let g be w(3). Calculate the greatest common factor of g and l.
2
Let n = -2166 + 3570. What is the highest common divisor of 52 and n?
52
Let o = 27 + -15. Suppose -2*s = -6*s + o. Calculate the highest common divisor of 33 and s.
3
Let s be ((-5)/((-85)/(-136)))/((-2)/28). Calculate the greatest common divisor of 288 and s.
16
Let p(w) = 9*w. Let m be p(5). Let z be ((-6)/9)/((-4)/(-18)). Let j be -3 - (-12*2 - z). What is the highest common factor of m and j?
9
Let q = 913 - 875. What is the highest common divisor of 133 and q?
19
Let x(y) = y**2 + 24*y + 39. Let o be x(-24). Calculate the greatest common factor of 91 and o.
13
Suppose 4*g = -33 - 27. Let t = -13 - g. Suppose -4*b = 5*l - 108, l = -0*b - t*b + 60. What is the greatest common factor of b and 4?
4
Let k = -41 + 75. Let z be 0 + -4 + 1*k. What is the highest common divisor of z and 10?
10
Suppose -2*i + 2*q = -102, -12*i + 5*q - 186 = -16*i. What is the greatest common divisor of 42 and i?
7
Let x = -174 + 181. Calculate the highest common divisor of 28 and x.
7
Let r be (-3)/(-18) - (-2223)/(-54). Let a = 14 - r. Calculate the greatest common factor of 11 and a.
11
Let t = -25 + 31. What is the greatest common factor of t and 9?
3
Let h be (-4)/3 - 248/(-6). Suppose 5*g - 36 = 4*i, 0 = -3*g - 4*i + i + 27. Calculate the greatest common factor of g and h.
8
Let m = -122 - -243. Let x = 1 - -7. Let w = x + 3. What is the highest common divisor of m and w?
11
Let k = 8 + -6. Suppose -i = -4*d + 3*i + 308, -2*d - k*i + 166 = 0. Suppose 6*p + 0 - 60 = 0. Calculate the greatest common factor of p and d.
10
Let n = 1220 + -1140. What is the highest common divisor of n and 5?
5
Suppose 30*k = -6*k + 360. Suppose 0 = -3*i - 0*b + b + 243, 2*i = 2*b + 166. Calculate the highest common divisor of i and k.
10
Let y(i) = -4*i + 22. Let r be y(5). Suppose -r*z - 9 + 59 = 2*d, 4*d - 127 = -5*z. Calculate the highest common factor of 81 and z.
27
Suppose 0 = -15*t + 20*t - 25, 5*w - t - 55 = 0. Let c = 5 - -55. What is the highest common factor of c and w?
12
Let f = 13 - -297. Suppose -f = -g - 115. What is the greatest common factor of 39 and g?
39
Let o = 204 - 186. Calculate the greatest common divisor of o and 1854.
18
Suppose 46 = 5*d - 14. Let t = 18 + -12. Calculate the greatest common factor of t and d.
6
Let q(t) = t**2 - 7*t - 4. Let z be q(7). Let p(y) = 3*y**2 - 2*y. Let m be p(z). Suppose 17*c - 80 = 7*c. What is the greatest common divisor of m and c?
8
Let t be 1 - -15 - (1 + -1). Let x = 655 + -647. Calculate the highest common divisor of x and t.
8
Let d(a) = 8*a**2 + 8*a - 18. Let u be d(-9). Calculate the highest common factor of u and 18.
18
Let q(g) = 52*g + 63. Let i be q(0). Suppose -46 = -4*v + 26. What is the greatest common factor of i and v?
9
Let p = -10 + 28. Suppose -5*o + 4*i + 0*i = -15, -5*o = -2*i - 15. Suppose a = o*a - p. What is the greatest common divisor of 27 and a?
9
Suppose 5*d - 36*d + 6200 = 0. Calculate the greatest common factor of d and 8.
8
Suppose 3*y + 2*z + 847 = 0, -967 = 3*y - 3*z - 115. Let f = y - -580. Calculate the highest common factor of f and 33.
33
Suppose -165 - 75 = -16*z. Calculate the greatest common divisor of 10 and z.
5
Let k(c) = -5*c**2 + 99*c - 1. Let i be k(19). What is the greatest common divisor of i and 195?
15
Let q(s) = s**3 + 5*s**2 + 6*s + 10. Let x be q(-4). Suppose x = 5*o - 63. Suppose -o*p = -11*p - 224. Calculate the highest common divisor of 16 and p.
16
Suppose -225 = -22*j + 7*j. What is the greatest common divisor of 195 and j?
15
Let t(b) = 5*b + 0*b + 0*b - b. Let w be t(1). Let k be 151 + (3 - 6) + w. What is the highest common factor of k and 19?
19
Suppose 5*s + 3*n = 150, 7*s - 3*n - 66 = 4*s. Calculate the greatest common divisor of 27 and s.
27
Suppose -2*q + 987 + 293 = 0. Calculate the highest common divisor of q and 5.
5
Let k(r) = -r**3 - 25*r**2 - 83*r + 23. Let a be k(-21). Calculate the highest common divisor of a and 146.
2
Let w(f) = -f**3 - 13*f**2 - 6*f - 3. Let h be w(-13). What is the highest common factor of h and 360?
15
Let b(l) = 145*l - 1. Suppose -f - 14 = 3*n, -4*f + 3*n + 6 = -13. Let s be b(f). What is the greatest common factor of 16 and s?
16
Let s(f) = 4*f**3 + 4*f**2 + 8*f - 19. Let g be s(6). Calculate the highe